) + 3*s(c). Calculate i(-4).
-14
Let k(v) = 2*v**2 + 21*v - 469. Let y be k(11). Let c(p) = -3*p - 6. Determine c(y).
-18
Let j(h) be the second derivative of -h**5/20 - h**4/4 + h**3/3 - 5*h**2/2 + h + 6716. Let p(i) = -i**2 + 6*i - 4. Let x be p(6). Determine j(x).
3
Let g(y) be the third derivative of y**5/60 - y**4/4 - 22*y**3/3 - 3*y**2 + 493. What is g(10)?
-4
Let z(g) = -12*g - 4*g - 1 + g + 4 - 4. Suppose -57 + 9 = -24*p. Determine z(p).
-31
Suppose 0*y = 3*y - 6. Let r(k) = -k**3 + 6*k**2 + 3 + 6*k - 2*k - y*k**2 + 0*k**2. Let z(d) = -d**3 - 20*d**2 + 22*d + 26. Let n be z(-21). What is r(n)?
-2
Let q(s) = 29*s**2 + 2*s - 1. Let n(z) = -z**2 + 22*z + 26. Let m be n(16). Let f = m - 121. Give q(f).
30
Let d(a) be the first derivative of -57*a**2/2 + 165*a + 8001. Give d(3).
-6
Let x(t) = -44 + 3*t**2 - 33 + 7*t**2 + t**3 + 27*t - 32 + 123. Give x(-5).
4
Let y be 1/((0 + 4)/(-4)). Let i = y + 6. Let v(k) = 48 + k**2 - 2*k**2 + 5*k - 42. Calculate v(i).
6
Suppose -2*j - 2*k = -23 + 7, -2*k = -6. Let x(b) = 5261*b**2 - 2 - 5262*b**2 - b + j*b. Let f = 3 - 1. Calculate x(f).
2
Let m(y) = y + 1. Let l(j) = 12*j + 8. Let p be 3/(-2) + 21/6. Let u(q) = p*l(q) - 20*m(q). Let v = -2636 + 2639. Determine u(v).
8
Let v(i) = 79*i - 2371. Let f be v(30). Let d(m) = 70*m + 6. What is d(f)?
-64
Let a be -4 + 0 - 0 - -22. Let c = 16 - a. Let w be (-4 - 392/(-63)) + c/9. Let v(l) = -2*l**3 + 2*l**2 - l - 1. Determine v(w).
-11
Let n(o) = o**2 + 1. Let k(j) = -3*j**2 - j - 29. Let a(z) = k(z) + 4*n(z). Give a(-10).
85
Let w(k) = k**3 - 4*k + 5. Let d be (-20 - (-91)/7)*-6*8/(-84). Give w(d).
-43
Let b(w) be the third derivative of w**6/120 + w**5/12 - 5*w**4/12 + 3*w**3 + 5*w**2 - 162. Give b(-6).
42
Let s be 1/(-2) - 23/2. Let c(p) = 10*p**3 + 33*p**2 - 37*p - 68. Let q(n) = -3*n**3 - 11*n**2 + 12*n + 17. Let b(o) = 2*c(o) + 7*q(o). Give b(s).
7
Let p(b) be the second derivative of b**4/24 + 8*b**3/3 + 179*b**2/2 + 3*b - 55. Let u(f) be the first derivative of p(f). Calculate u(-8).
8
Let y(n) = -122*n - 120. Let x(l) = 76*l + 81. Let d(j) = 8*x(j) + 5*y(j). Give d(16).
16
Let o(b) = -3*b**3 - 14*b**2 - 63*b - 11. Let j(l) = -8*l**3 - 41*l**2 - 179*l - 34. Let q(w) = 4*j(w) - 11*o(w). Determine q(12).
-3
Let v(a) = 18*a - 421. Let b(w) = -105*w + 2512. Let l(y) = 2*b(y) + 13*v(y). Determine l(19).
7
Let s(f) = f**3 - 7*f**2 - 9*f + 7. Suppose 2*w + 5*q = 6*w - 223, -3*w + 5*q = -171. Let d = w - 28. Suppose 12*p = 9*p + d. Calculate s(p).
-1
Let u(p) = -p**2 - 387*p - 40*p**3 + 126*p + 127*p + 133*p. Suppose 2*r + 2*g - 6 = 0, -3*g + 2*g + 8 = -4*r. Give u(r).
40
Let b(j) = -13 - 15 + 22 - 3*j - 8 - 20. Calculate b(-10).
-4
Let g(i) = -i**2 - i - 52. Let p = -671 + 674. Suppose 10*t + t = p*t. Determine g(t).
-52
Let i(d) = -14*d - 8. Let w be i(-1). Let x(o) = -7*o**2 + 5*o + 4. Let m(r) = r**2 - r. Let l(t) = w*m(t) + x(t). Calculate l(-4).
-8
Let f be -14*(-2)/(-8)*(-16)/42*1. Let p(g) be the first derivative of 4*g - 7/2*g**2 + 1/4*g**4 - f*g**3 + 13. Calculate p(5).
-6
Let x(k) = -k + 3. Let f be x(-1). Suppose 0 = 3*a - 10*a + 14. Let m(i) = 3 - 2 + 3 + a*i. Calculate m(f).
12
Let l(k) = k**2 - 15*k + 3. Suppose 0 = -5*c + 3*g + 92, -8*c + 5*c - g = -44. Let z be c/6 - 1184/(-96). What is l(z)?
3
Let o = -987 - -1008. Let h(w) = 24*w - 505. Calculate h(o).
-1
Suppose 8*l = 1607 - 655. Let a(t) = 1 - 3*t + 1 + l*t**2 + 119*t**2 - 239*t**2. Give a(-7).
-26
Let c(b) = -2*b + b**3 - 4*b + 1 - 3*b**2 - 3*b**2 + 2*b**2. Let j be 318/66 + (-2)/(-11). Calculate c(j).
-4
Let r = 5503 - 5505. Let s(d) = -7*d**3 + 2*d**2 + 2*d + 3. Give s(r).
63
Let v = -5107 + 5125. Let t(q) = 6*q - 106. Determine t(v).
2
Let m(q) = -7*q**2 - 3*q + 4. Let i be -21*(4 - 104/24). Let j(x) = 8*x**2 + 3*x - 4. Let l(k) = i*m(k) + 6*j(k). Calculate l(-6).
-14
Let d = 630 + -625. Let o be (d + -2)*4/(-6). Let w(v) = -3*v**2 - 4*v - 3. Give w(o).
-7
Let d(t) = 1772*t**2 - t - 8*t - 1771*t**2 - 3*t + 7. What is d(12)?
7
Let h(v) be the first derivative of v**4/4 - v**3 - 3*v**2/2 - v - 218. Determine h(4).
3
Let p(l) = 4*l - 3*l**2 + l**3 + 6*l**2 - 12*l + 14*l - 9*l - 10. What is p(-4)?
-14
Let b(g) = 2*g**3 - 13*g**2 + 25*g - 28. Let p be b(4). Let d(j) = -11*j - 85. Calculate d(p).
3
Let c = -13995 - -13997. Let l(r) = r**2 - 9. What is l(c)?
-5
Let q = 1989 - 1988. Let j(u) be the third derivative of -u**4/12 + 7*u**2 + 1. Determine j(q).
-2
Let v(j) = -11*j - 63. Let x be v(-6). Let u(c) = -37 + 39 + 2*c**x - 3*c**3. Determine u(2).
-6
Let z(f) be the first derivative of -f**3/3 - 3*f**2 - 4*f - 56. Suppose -2*w = -3*w - 4. What is z(w)?
4
Suppose 2*p = 5*x + 15, -12*p - 3*x = -11*p - 13. Let v(q) = q**2 + 4*q - 137. Determine v(p).
3
Let c(n) = 14*n - 70. Let g(b) = -5*b - 2. Let s(x) = c(x) + 4*g(x). What is s(-11)?
-12
Let l(d) be the first derivative of d**6/15 - d**5/60 + d**4/12 - d**3/6 + 10*d**2 + 242. Let z(y) be the second derivative of l(y). What is z(1)?
8
Let n(k) = 29*k - 131. Suppose -5*r - 10 = 5*w, -2*r + 24 = -61*w + 59*w. Give n(r).
14
Let l(c) = c**2 - 12*c + 35. Let q be l(8). Let u(a) = 21 - 11*a**2 + 3*a**q + 0*a**2 - 2*a - 2*a**3. Calculate u(11).
-1
Suppose 2*j - 3*u = -0*j + 5, j + 4*u + 25 = 0. Let t be 4 + j/1 + (1 - -25). Suppose 7*o + t = 74. Let g(v) = v**2 - 5*v - 10. Determine g(o).
4
Let k(s) be the first derivative of -s**6/360 - s**5/30 + s**4/4 + 11*s**3 - s - 36. Let o(t) be the third derivative of k(t). Determine o(4).
-26
Let d(h) = -62*h + 8. Let a(z) = -114*z + 15. Let n(w) = -6*a(w) + 11*d(w). Determine n(-1).
-4
Let a(b) = -b - 109. Suppose 3*w + 3*v = -6, 3*v + 705 - 699 = 3*w. Calculate a(w).
-109
Let f(m) = -35*m + 2. Let o(s) = 143*s - 5. Let l(t) = 4*f(t) + o(t). Calculate l(-9).
-24
Suppose -181*x + 189*x = -32. Let o(m) = 3*m**3 + 7*m**2 - 5*m + 9. Let u(a) = -4*a**3 - 7*a**2 + 5*a - 9. Let y(t) = x*u(t) - 5*o(t). What is y(6)?
-15
Let d = -6176 - -6174. Let k(u) be the third derivative of -u**4/6 - u**3/3 + u**2. Calculate k(d).
6
Let v = -1218 - -1223. Let s(w) = 3*w - 19. Give s(v).
-4
Let u(w) = -4*w. Suppose -23*z = -3*z - 17*z + 102. Let d be 1/(2/70*-1). Let c = d - z. Calculate u(c).
4
Suppose 149*m - 85 = 166*m. Let z(s) = s**2 + 2*s - 7. What is z(m)?
8
Let u(c) = 76*c + 61 + 18 - 69*c. Calculate u(-16).
-33
Suppose -3*q - 3*f = -21, 5*q + 2*f + 5 = 5*f. Suppose -2*n - 6 = 0, -q*d = 3*d + 5*n + 10. Let k(p) = -3*p**2 - 3*p**2 + d + 8*p + p**3 - 5*p + 2*p. Give k(5).
1
Let q = -7701 - -7700. Let d(b) = -42*b**3 + 2*b**2 + 5*b + 4. What is d(q)?
43
Let s(w) = 15*w**3 - 7*w**2 - w - 1. Suppose -18*g - 1 = 107. Let o(c) = 17*c**3 - 8*c**2 - c - 1. Let k(y) = g*o(y) + 7*s(y). Determine k(-1).
-4
Let f = 5 + 10. Suppose 0 = -m + 4*i - f, i + 9 = 5*m + 2*i. Let k(w) = -4*w - 20*w**3 + w**2 + 2*w + 16*w**3 + 1. Give k(m).
-4
Suppose 0 = -5*p + 2*k - 46, -p + 92 = -k + 103. Let t(x) = x**2 - 17*x - 205. Give t(p).
-5
Let x(k) = -k**2 + 0*k**2 + 1 + 3*k - 3. Let i(l) = -l**3 + 9*l**2 + 7*l + 10. Let b be i(7). Let n = -155 + b. Calculate x(n).
0
Let v be 15 + -11 + 2 - (-2 + 1). Let j(t) = -16*t**2 - 14*t - 5. Let b(u) = -7*u**2 - 7*u - 3. Let k(r) = v*b(r) - 3*j(r). Let p = -1 + -4. Determine k(p).
4
Let j be (23 - 0) + 12/(-4). Suppose -4*d + 5*z = j, 0*z + 12 = 2*d + 3*z. Let h(r) = -6 + d*r - 2*r - r + 4*r. Calculate h(-5).
-11
Let b(k) = -k**2 - 4*k + 53. Suppose 143 = -30*c - 22 - 135. What is b(c)?
-7
Let d(w) = w + 6. Suppose 2*n - 48 = -8. Suppose 5*h - n = 0, 5*m - 5*h + 73 = 13. Determine d(m).
-2
Let j be -9 + 11 + (-2)/2. Let h(i) = i - 21. Let z be h(16). Let g(r) = -r + 1. Let n(k) = k**2 - 5*k + 4. Let p(m) = j*n(m) + z*g(m). Give p(1).
0
Suppose 0 = -276*z + 281*z + 15. Let h(a) = -a**3 - 3*a**2 + 2*a + 3. Calculate h(z).
-3
Let g(q) = -3*q**2 - 2*q + 26. Suppose n - 2*c - 9 = 0, 36*n = 40*n + 4*c + 48. Give g(n).
-39
Suppose 34*r = -2*r + 180. Let k(v) = 7*v**2 - 9*v + 6. Let f(n) = 5*n**2 - 8*n + 6. Let b(w) = 3*f(w) - 2*k(w). Calculate b(r).
1
Let f = -7615 - -7615. Let j(x) be the second derivative of f + 6*x - 1/2*x**2 + x**3. Determine j(2).
11
Let r = -510 - -518. Let x(l) = 7*l - 46. What is x(r)?
10
Let x(b) = 6*b + 0 - 6 + 2. Suppose 1886*v - 1951*v - 195 = 0. What is x(v)?
-22
Let p(j) = -4*j*